{"id":25891,"date":"2014-03-11T16:39:37","date_gmt":"2014-03-11T20:39:37","guid":{"rendered":"https:\/\/www.aircharter.com\/?post_type=avada_faq&#038;p=25891"},"modified":"2014-03-11T16:41:48","modified_gmt":"2014-03-11T20:41:48","slug":"charter-de-helicoptero-privado","status":"publish","type":"avada_faq","link":"https:\/\/www.aircharter.com\/es\/faq-items\/charter-de-helicoptero-privado\/","title":{"rendered":"Charter de Helic\u00f3ptero Privado"},"content":{"rendered":"<h3><strong>\u00bfPuedo reservar helic\u00f3pteros con Air Charter?<\/strong><\/h3>\n<h3><a href=\"https:\/\/www.aircharter.com\/wp-content\/uploads\/2012\/07\/Helicopter_charter_Greece_BELL_-430-int.jpg\"><img decoding=\"async\" class=\"alignright\" alt=\"Helicopter_charter_Greece_BELL_ 430- int\" src=\"https:\/\/www.aircharter.com\/wp-content\/uploads\/2012\/07\/Helicopter_charter_Greece_BELL_-430-int-300x240.jpg\" width=\"202\" height=\"161\" \/><\/a><\/h3>\n<p>Air Charter cuenta con una extensa red de helic\u00f3pteros. Lugares de aterrizaje de helic\u00f3pteros fuera de los aeropuertos requieren el permiso terratenientes. Por favor, p\u00f3ngase en contacto con su representante de Air Charter para discutir sus necesidades de charter de helic\u00f3pteros. Helic\u00f3pteros, ch\u00e1rters privados se organizan, ya que s\u00f3lo un servicio en l\u00ednea.<\/p>\n","protected":false},"excerpt":{"rendered":"<p>\u00bfPuedo reservar helic\u00f3pteros con Air Charter? Air Charter cuenta con una extensa red de helic\u00f3pteros. Lugares de aterrizaje de helic\u00f3pteros fuera de los aeropuertos requieren el permiso terratenientes. Por favor, p\u00f3ngase en contacto con su representante de Air Charter para discutir sus necesidades de charter de helic\u00f3pteros. Helic\u00f3pteros, ch\u00e1rters privados se organizan, ya que s\u00f3lo un servicio en l\u00ednea.<\/p>\n","protected":false},"author":12,"featured_media":0,"menu_order":0,"comment_status":"open","ping_status":"open","template":"","format":"standard","meta":{"footnotes":""},"faq_category":[],"class_list":["post-25891","avada_faq","type-avada_faq","status-publish","format-standard","hentry"],"yoast_head":"<!-- This site is optimized with the Yoast SEO plugin v27.4 - https:\/\/yoast.com\/product\/yoast-seo-wordpress\/ -->\n<title>Charter de Helic\u00f3ptero Privado - Aircharter<\/title>\n<meta name=\"robots\" content=\"index, follow, max-snippet:-1, max-image-preview:large, max-video-preview:-1\" \/>\n<link rel=\"canonical\" href=\"https:\/\/www.aircharter.com\/faq-items\/private-helicopter-charter\/\" \/>\n<meta property=\"og:locale\" content=\"es_ES\" \/>\n<meta property=\"og:type\" content=\"article\" \/>\n<meta property=\"og:title\" content=\"Charter de Helic\u00f3ptero Privado - Aircharter\" \/>\n<meta property=\"og:description\" content=\"\u00bfPuedo reservar helic\u00f3pteros con Air Charter? Air Charter cuenta con una extensa red de helic\u00f3pteros. Lugares de aterrizaje de helic\u00f3pteros fuera de los aeropuertos requieren el permiso terratenientes. Por favor, p\u00f3ngase en contacto con su representante de Air Charter para discutir sus necesidades de charter de helic\u00f3pteros. Helic\u00f3pteros, ch\u00e1rters privados se organizan, ya que s\u00f3lo un servicio en l\u00ednea.\" \/>\n<meta property=\"og:url\" content=\"https:\/\/www.aircharter.com\/faq-items\/private-helicopter-charter\/\" \/>\n<meta property=\"og:site_name\" content=\"Aircharter\" \/>\n<meta property=\"article:modified_time\" content=\"2014-03-11T20:41:48+00:00\" \/>\n<meta property=\"og:image\" content=\"https:\/\/www.aircharter.com\/wp-content\/uploads\/2012\/07\/Helicopter_charter_Greece_BELL_-430-int-300x240.jpg\" \/>\n<meta name=\"twitter:card\" content=\"summary_large_image\" \/>\n<script type=\"application\/ld+json\" class=\"yoast-schema-graph\">{\"@context\":\"https:\\\/\\\/schema.org\",\"@graph\":[{\"@type\":\"WebPage\",\"@id\":\"https:\\\/\\\/www.aircharter.com\\\/faq-items\\\/private-helicopter-charter\\\/\",\"url\":\"https:\\\/\\\/www.aircharter.com\\\/faq-items\\\/private-helicopter-charter\\\/\",\"name\":\"Charter de Helic\u00f3ptero Privado - Aircharter\",\"isPartOf\":{\"@id\":\"https:\\\/\\\/www.aircharter.com\\\/de\\\/#website\"},\"primaryImageOfPage\":{\"@id\":\"https:\\\/\\\/www.aircharter.com\\\/faq-items\\\/private-helicopter-charter\\\/#primaryimage\"},\"image\":{\"@id\":\"https:\\\/\\\/www.aircharter.com\\\/faq-items\\\/private-helicopter-charter\\\/#primaryimage\"},\"thumbnailUrl\":\"https:\\\/\\\/www.aircharter.com\\\/wp-content\\\/uploads\\\/2012\\\/07\\\/Helicopter_charter_Greece_BELL_-430-int-300x240.jpg\",\"datePublished\":\"2014-03-11T20:39:37+00:00\",\"dateModified\":\"2014-03-11T20:41:48+00:00\",\"breadcrumb\":{\"@id\":\"https:\\\/\\\/www.aircharter.com\\\/faq-items\\\/private-helicopter-charter\\\/#breadcrumb\"},\"inLanguage\":\"es\",\"potentialAction\":[{\"@type\":\"ReadAction\",\"target\":[\"https:\\\/\\\/www.aircharter.com\\\/faq-items\\\/private-helicopter-charter\\\/\"]}]},{\"@type\":\"ImageObject\",\"inLanguage\":\"es\",\"@id\":\"https:\\\/\\\/www.aircharter.com\\\/faq-items\\\/private-helicopter-charter\\\/#primaryimage\",\"url\":\"https:\\\/\\\/www.aircharter.com\\\/wp-content\\\/uploads\\\/2012\\\/07\\\/Helicopter_charter_Greece_BELL_-430-int-300x240.jpg\",\"contentUrl\":\"https:\\\/\\\/www.aircharter.com\\\/wp-content\\\/uploads\\\/2012\\\/07\\\/Helicopter_charter_Greece_BELL_-430-int-300x240.jpg\"},{\"@type\":\"BreadcrumbList\",\"@id\":\"https:\\\/\\\/www.aircharter.com\\\/faq-items\\\/private-helicopter-charter\\\/#breadcrumb\",\"itemListElement\":[{\"@type\":\"ListItem\",\"position\":1,\"name\":\"Home\",\"item\":\"https:\\\/\\\/www.aircharter.com\\\/\"},{\"@type\":\"ListItem\",\"position\":2,\"name\":\"FAQs\",\"item\":\"https:\\\/\\\/www.aircharter.com\\\/faq-items\\\/\"},{\"@type\":\"ListItem\",\"position\":3,\"name\":\"Charter de Helic\u00f3ptero Privado\"}]},{\"@type\":\"WebSite\",\"@id\":\"https:\\\/\\\/www.aircharter.com\\\/de\\\/#website\",\"url\":\"https:\\\/\\\/www.aircharter.com\\\/de\\\/\",\"name\":\"Aircharter\",\"description\":\"Air Charter | Private Jet Charter &amp; Rental | Fly Smarter | Hire a Business Jet\",\"publisher\":{\"@id\":\"https:\\\/\\\/www.aircharter.com\\\/de\\\/#organization\"},\"potentialAction\":[{\"@type\":\"SearchAction\",\"target\":{\"@type\":\"EntryPoint\",\"urlTemplate\":\"https:\\\/\\\/www.aircharter.com\\\/de\\\/?s={search_term_string}\"},\"query-input\":{\"@type\":\"PropertyValueSpecification\",\"valueRequired\":true,\"valueName\":\"search_term_string\"}}],\"inLanguage\":\"es\"},{\"@type\":\"Organization\",\"@id\":\"https:\\\/\\\/www.aircharter.com\\\/de\\\/#organization\",\"name\":\"Aircharter.com LLC\",\"url\":\"https:\\\/\\\/www.aircharter.com\\\/de\\\/\",\"logo\":{\"@type\":\"ImageObject\",\"inLanguage\":\"es\",\"@id\":\"https:\\\/\\\/www.aircharter.com\\\/de\\\/#\\\/schema\\\/logo\\\/image\\\/\",\"url\":\"https:\\\/\\\/www.aircharter.com\\\/wp-content\\\/uploads\\\/2022\\\/12\\\/Aircharter_logo_114X1141-11.png\",\"contentUrl\":\"https:\\\/\\\/www.aircharter.com\\\/wp-content\\\/uploads\\\/2022\\\/12\\\/Aircharter_logo_114X1141-11.png\",\"width\":114,\"height\":114,\"caption\":\"Aircharter.com LLC\"},\"image\":{\"@id\":\"https:\\\/\\\/www.aircharter.com\\\/de\\\/#\\\/schema\\\/logo\\\/image\\\/\"}}]}<\/script>\n<!-- \/ Yoast SEO plugin. -->","yoast_head_json":{"title":"Charter de Helic\u00f3ptero Privado - Aircharter","robots":{"index":"index","follow":"follow","max-snippet":"max-snippet:-1","max-image-preview":"max-image-preview:large","max-video-preview":"max-video-preview:-1"},"canonical":"https:\/\/www.aircharter.com\/faq-items\/private-helicopter-charter\/","og_locale":"es_ES","og_type":"article","og_title":"Charter de Helic\u00f3ptero Privado - Aircharter","og_description":"\u00bfPuedo reservar helic\u00f3pteros con Air Charter? Air Charter cuenta con una extensa red de helic\u00f3pteros. Lugares de aterrizaje de helic\u00f3pteros fuera de los aeropuertos requieren el permiso terratenientes. Por favor, p\u00f3ngase en contacto con su representante de Air Charter para discutir sus necesidades de charter de helic\u00f3pteros. Helic\u00f3pteros, ch\u00e1rters privados se organizan, ya que s\u00f3lo un servicio en l\u00ednea.","og_url":"https:\/\/www.aircharter.com\/faq-items\/private-helicopter-charter\/","og_site_name":"Aircharter","article_modified_time":"2014-03-11T20:41:48+00:00","og_image":[{"url":"https:\/\/www.aircharter.com\/wp-content\/uploads\/2012\/07\/Helicopter_charter_Greece_BELL_-430-int-300x240.jpg","type":"","width":"","height":""}],"twitter_card":"summary_large_image","schema":{"@context":"https:\/\/schema.org","@graph":[{"@type":"WebPage","@id":"https:\/\/www.aircharter.com\/faq-items\/private-helicopter-charter\/","url":"https:\/\/www.aircharter.com\/faq-items\/private-helicopter-charter\/","name":"Charter de Helic\u00f3ptero Privado - Aircharter","isPartOf":{"@id":"https:\/\/www.aircharter.com\/de\/#website"},"primaryImageOfPage":{"@id":"https:\/\/www.aircharter.com\/faq-items\/private-helicopter-charter\/#primaryimage"},"image":{"@id":"https:\/\/www.aircharter.com\/faq-items\/private-helicopter-charter\/#primaryimage"},"thumbnailUrl":"https:\/\/www.aircharter.com\/wp-content\/uploads\/2012\/07\/Helicopter_charter_Greece_BELL_-430-int-300x240.jpg","datePublished":"2014-03-11T20:39:37+00:00","dateModified":"2014-03-11T20:41:48+00:00","breadcrumb":{"@id":"https:\/\/www.aircharter.com\/faq-items\/private-helicopter-charter\/#breadcrumb"},"inLanguage":"es","potentialAction":[{"@type":"ReadAction","target":["https:\/\/www.aircharter.com\/faq-items\/private-helicopter-charter\/"]}]},{"@type":"ImageObject","inLanguage":"es","@id":"https:\/\/www.aircharter.com\/faq-items\/private-helicopter-charter\/#primaryimage","url":"https:\/\/www.aircharter.com\/wp-content\/uploads\/2012\/07\/Helicopter_charter_Greece_BELL_-430-int-300x240.jpg","contentUrl":"https:\/\/www.aircharter.com\/wp-content\/uploads\/2012\/07\/Helicopter_charter_Greece_BELL_-430-int-300x240.jpg"},{"@type":"BreadcrumbList","@id":"https:\/\/www.aircharter.com\/faq-items\/private-helicopter-charter\/#breadcrumb","itemListElement":[{"@type":"ListItem","position":1,"name":"Home","item":"https:\/\/www.aircharter.com\/"},{"@type":"ListItem","position":2,"name":"FAQs","item":"https:\/\/www.aircharter.com\/faq-items\/"},{"@type":"ListItem","position":3,"name":"Charter de Helic\u00f3ptero Privado"}]},{"@type":"WebSite","@id":"https:\/\/www.aircharter.com\/de\/#website","url":"https:\/\/www.aircharter.com\/de\/","name":"Aircharter","description":"Air Charter | Private Jet Charter &amp; Rental | Fly Smarter | Hire a Business Jet","publisher":{"@id":"https:\/\/www.aircharter.com\/de\/#organization"},"potentialAction":[{"@type":"SearchAction","target":{"@type":"EntryPoint","urlTemplate":"https:\/\/www.aircharter.com\/de\/?s={search_term_string}"},"query-input":{"@type":"PropertyValueSpecification","valueRequired":true,"valueName":"search_term_string"}}],"inLanguage":"es"},{"@type":"Organization","@id":"https:\/\/www.aircharter.com\/de\/#organization","name":"Aircharter.com LLC","url":"https:\/\/www.aircharter.com\/de\/","logo":{"@type":"ImageObject","inLanguage":"es","@id":"https:\/\/www.aircharter.com\/de\/#\/schema\/logo\/image\/","url":"https:\/\/www.aircharter.com\/wp-content\/uploads\/2022\/12\/Aircharter_logo_114X1141-11.png","contentUrl":"https:\/\/www.aircharter.com\/wp-content\/uploads\/2022\/12\/Aircharter_logo_114X1141-11.png","width":114,"height":114,"caption":"Aircharter.com LLC"},"image":{"@id":"https:\/\/www.aircharter.com\/de\/#\/schema\/logo\/image\/"}}]}},"_links":{"self":[{"href":"https:\/\/www.aircharter.com\/es\/wp-json\/wp\/v2\/avada_faq\/25891","targetHints":{"allow":["GET"]}}],"collection":[{"href":"https:\/\/www.aircharter.com\/es\/wp-json\/wp\/v2\/avada_faq"}],"about":[{"href":"https:\/\/www.aircharter.com\/es\/wp-json\/wp\/v2\/types\/avada_faq"}],"author":[{"embeddable":true,"href":"https:\/\/www.aircharter.com\/es\/wp-json\/wp\/v2\/users\/12"}],"replies":[{"embeddable":true,"href":"https:\/\/www.aircharter.com\/es\/wp-json\/wp\/v2\/comments?post=25891"}],"version-history":[{"count":2,"href":"https:\/\/www.aircharter.com\/es\/wp-json\/wp\/v2\/avada_faq\/25891\/revisions"}],"predecessor-version":[{"id":25893,"href":"https:\/\/www.aircharter.com\/es\/wp-json\/wp\/v2\/avada_faq\/25891\/revisions\/25893"}],"wp:attachment":[{"href":"https:\/\/www.aircharter.com\/es\/wp-json\/wp\/v2\/media?parent=25891"}],"wp:term":[{"taxonomy":"faq_category","embeddable":true,"href":"https:\/\/www.aircharter.com\/es\/wp-json\/wp\/v2\/faq_category?post=25891"}],"curies":[{"name":"wp","href":"https:\/\/api.w.org\/{rel}","templated":true}]}}

Charter de Helicóptero Privado

<h3><strong>¿Puedo reservar helicópteros con Air Charter?</strong></h3>
<h3><a href="https://www.aircharter.com/wp-content/uploads/2012/07/Helicopter_charter_Greece_BELL_-430-int.jpg"><img decoding="async" class="alignright" alt="Helicopter_charter_Greece_BELL_ 430- int" src="https://www.aircharter.com/wp-content/uploads/2012/07/Helicopter_charter_Greece_BELL_-430-int-300x240.jpg" width="202" height="161" /></a></h3>
<p>Air Charter cuenta con una extensa red de helicópteros. Lugares de aterrizaje de helicópteros fuera de los aeropuertos requieren el permiso terratenientes. Por favor, póngase en contacto con su representante de Air Charter para discutir sus necesidades de charter de helicópteros. Helicópteros, chárters privados se organizan, ya que sólo un servicio en línea.</p>

<p>¿Puedo reservar helicópteros con Air Charter? Air Charter cuenta con una extensa red de helicópteros. Lugares de aterrizaje de helicópteros fuera de los aeropuertos requieren el permiso terratenientes. Por favor, póngase en contacto con su representante de Air Charter para discutir sus necesidades de charter de helicópteros. Helicópteros, chárters privados se organizan, ya que sólo un servicio en línea.</p>

<!-- This site is optimized with the Yoast SEO plugin v27.4 - https://yoast.com/product/yoast-seo-wordpress/ -->
<title>Charter de Helicóptero Privado - Aircharter</title>
<meta name="robots" content="index, follow, max-snippet:-1, max-image-preview:large, max-video-preview:-1" />
<link rel="canonical" href="https://www.aircharter.com/faq-items/private-helicopter-charter/" />
<meta property="og:locale" content="es_ES" />
<meta property="og:type" content="article" />
<meta property="og:title" content="Charter de Helicóptero Privado - Aircharter" />
<meta property="og:description" content="¿Puedo reservar helicópteros con Air Charter? Air Charter cuenta con una extensa red de helicópteros. Lugares de aterrizaje de helicópteros fuera de los aeropuertos requieren el permiso terratenientes. Por favor, póngase en contacto con su representante de Air Charter para discutir sus necesidades de charter de helicópteros. Helicópteros, chárters privados se organizan, ya que sólo un servicio en línea." />
<meta property="og:url" content="https://www.aircharter.com/faq-items/private-helicopter-charter/" />
<meta property="og:site_name" content="Aircharter" />
<meta property="article:modified_time" content="2014-03-11T20:41:48+00:00" />
<meta property="og:image" content="https://www.aircharter.com/wp-content/uploads/2012/07/Helicopter_charter_Greece_BELL_-430-int-300x240.jpg" />
<meta name="twitter:card" content="summary_large_image" />
<script type="application/ld+json" class="yoast-schema-graph">{"@context":"https:\/\/schema.org","@graph":[{"@type":"WebPage","@id":"https:\/\/www.aircharter.com\/faq-items\/private-helicopter-charter\/","url":"https:\/\/www.aircharter.com\/faq-items\/private-helicopter-charter\/","name":"Charter de Helicóptero Privado - Aircharter","isPartOf":{"@id":"https:\/\/www.aircharter.com\/de\/#website"},"primaryImageOfPage":{"@id":"https:\/\/www.aircharter.com\/faq-items\/private-helicopter-charter\/#primaryimage"},"image":{"@id":"https:\/\/www.aircharter.com\/faq-items\/private-helicopter-charter\/#primaryimage"},"thumbnailUrl":"https:\/\/www.aircharter.com\/wp-content\/uploads\/2012\/07\/Helicopter_charter_Greece_BELL_-430-int-300x240.jpg","datePublished":"2014-03-11T20:39:37+00:00","dateModified":"2014-03-11T20:41:48+00:00","breadcrumb":{"@id":"https:\/\/www.aircharter.com\/faq-items\/private-helicopter-charter\/#breadcrumb"},"inLanguage":"es","potentialAction":[{"@type":"ReadAction","target":["https:\/\/www.aircharter.com\/faq-items\/private-helicopter-charter\/"]}]},{"@type":"ImageObject","inLanguage":"es","@id":"https:\/\/www.aircharter.com\/faq-items\/private-helicopter-charter\/#primaryimage","url":"https:\/\/www.aircharter.com\/wp-content\/uploads\/2012\/07\/Helicopter_charter_Greece_BELL_-430-int-300x240.jpg","contentUrl":"https:\/\/www.aircharter.com\/wp-content\/uploads\/2012\/07\/Helicopter_charter_Greece_BELL_-430-int-300x240.jpg"},{"@type":"BreadcrumbList","@id":"https:\/\/www.aircharter.com\/faq-items\/private-helicopter-charter\/#breadcrumb","itemListElement":[{"@type":"ListItem","position":1,"name":"Home","item":"https:\/\/www.aircharter.com\/"},{"@type":"ListItem","position":2,"name":"FAQs","item":"https:\/\/www.aircharter.com\/faq-items\/"},{"@type":"ListItem","position":3,"name":"Charter de Helicóptero Privado"}]},{"@type":"WebSite","@id":"https:\/\/www.aircharter.com\/de\/#website","url":"https:\/\/www.aircharter.com\/de\/","name":"Aircharter","description":"Air Charter | Private Jet Charter &amp; Rental | Fly Smarter | Hire a Business Jet","publisher":{"@id":"https:\/\/www.aircharter.com\/de\/#organization"},"potentialAction":[{"@type":"SearchAction","target":{"@type":"EntryPoint","urlTemplate":"https:\/\/www.aircharter.com\/de\/?s={search_term_string}"},"query-input":{"@type":"PropertyValueSpecification","valueRequired":true,"valueName":"search_term_string"}}],"inLanguage":"es"},{"@type":"Organization","@id":"https:\/\/www.aircharter.com\/de\/#organization","name":"Aircharter.com LLC","url":"https:\/\/www.aircharter.com\/de\/","logo":{"@type":"ImageObject","inLanguage":"es","@id":"https:\/\/www.aircharter.com\/de\/#\/schema\/logo\/image\/","url":"https:\/\/www.aircharter.com\/wp-content\/uploads\/2022\/12\/Aircharter_logo_114X1141-11.png","contentUrl":"https:\/\/www.aircharter.com\/wp-content\/uploads\/2022\/12\/Aircharter_logo_114X1141-11.png","width":114,"height":114,"caption":"Aircharter.com LLC"},"image":{"@id":"https:\/\/www.aircharter.com\/de\/#\/schema\/logo\/image\/"}}]}</script>
<!-- / Yoast SEO plugin. -->

Charter de Helicóptero Privado - Aircharter

¿Puedo reservar helicópteros con Air Charter? Air Charter cuenta con una extensa red de helicópteros. Lugares de aterrizaje de helicópteros fuera de los aeropuertos requieren el permiso terratenientes. Por favor, póngase en contacto con su representante de Air Charter para discutir sus necesidades de charter de helicópteros. Helicópteros, chárters privados se organizan, ya que sólo un servicio en línea.
